{"id":31,"date":"2015-11-10T10:11:16","date_gmt":"2015-11-10T09:11:16","guid":{"rendered":"http:\/\/localhost\/fitness\/?page_id=31"},"modified":"2017-11-07T23:23:34","modified_gmt":"2017-11-07T22:23:34","slug":"sauna","status":"publish","type":"page","link":"https:\/\/www.fitnessforma.pl\/fitness\/sauna\/","title":{"rendered":"Sauna"},"content":{"rendered":"<p>Fitness Klub FORMA posiada dwie niezale\u017cne sauny fi\u0144skie dla Pa\u0144 i Pan\u00f3w. Miejsca w saunie udost\u0119pniamy wszystkim klientom naszego klubu nieodp\u0142atnie, co powinno zach\u0119ci\u0107 korzystaj\u0105cych z zaj\u0119\u0107 aerobiku, si\u0142owni i sali cardio do odpoczynku i regeneracji w najcieplejszych pomieszczeniach klubu fitness.<\/p>\n<h2>Przebieg k\u0105pieli<\/h2>\n<p>K\u0105piel w saunie polega na przebywaniu na przemian w wysokiej i niskiej temperaturze. Podstaw\u0105 k\u0105pieli jest du\u017ca kontrastowo\u015b\u0107 bod\u017aca termicznego. Warunki fizyczne w saunie decyduj\u0105 o intensywno\u015bci zmian fizjologicznych ustroju; im wy\u017csza temperatura w saunie, tym pobyt w niej powinien by\u0107 kr\u00f3tszy, a och\u0142adzanie d\u0142u\u017csze.<\/p>\n<p><b>Przyst\u0105pienie do k\u0105pieli.<\/b> Do k\u0105pieli nie nale\u017cy przyst\u0119powa\u0107 na czczo lub po zbyt obfitym posi\u0142ku, a tak\u017ce po wypiciu du\u017cej ilo\u015bci wody &#8211; bezwzgl\u0119dnie nale\u017cy wykluczy\u0107 napoje alkoholowe. <strong>Ludziom zdrowym<\/strong>, bior\u0105cym k\u0105piel <strong>w celach profilaktycznych<\/strong>, zaleca si\u0119 korzystanie z sauny do <strong>trzech razy w tygodniu.<\/strong><\/p>\n<p>Pierwsza faza k\u0105pieli. Przed korzystaniem z sauny nale\u017cy wzi\u0105\u0107 prysznic u\u017cywaj\u0105c do tego myd\u0142a. Nast\u0119pnie wycieramy si\u0119 do sucha i owijamy r\u0119cznikiem, po czym wchodzimy do sauny i jak najszybciej zamykamy drzwi, by unikn\u0105\u0107 strat ciep\u0142a.<\/p>\n<p><b>Druga faza k\u0105pieli.<\/b> W gor\u0105cej saunie nale\u017cy usi\u0105\u015b\u0107 lub po\u0142o\u017cy\u0107 si\u0119 na najni\u017cszej \u0142awce tak aby wszystkie cz\u0119\u015bci cia\u0142a znajdowa\u0142y si\u0119 mniej wi\u0119cej na tym samym poziomie. Oczekuj\u0105c na rozpocz\u0119cie pocenia, k\u0105pi\u0105cy si\u0119 powinien przyj\u0105\u0107 taka pozycj\u0119 cia\u0142a, kt\u00f3ra zapewni mu absolutny <strong>komfort fizyczny i psychiczny<\/strong>. Twarz mo\u017cna ukry\u0107 w obu d\u0142oniach chroni\u0105c j\u0105 przed dzia\u0142aniem zbyt gor\u0105cego powietrza. Kiedy Jeste\u015bmy ju\u017c dostatecznie spoceni i przegrzani, zaczynamy wykonywa\u0107 masa\u017c cia\u0142a d\u0142o\u0144mi obu r\u0105k. Po kilku minutach pobytu w saunie, polewa si\u0119 rozgrzane kamienie ma\u0142\u0105 ilo\u015bci\u0105 wody. W tym momencie czuje si\u0119 uderzenie gor\u0105cej fali powietrza. W chwili maksymalnego przegrzania, kt\u00f3remu zawsze towarzyszy uczucie &#8222;ju\u017c d\u0142u\u017cej nie wytrzymam&#8221; nale\u017cy saun\u0119 opu\u015bci\u0107. Uczucie ucisku na klatk\u0119 piersiow\u0105 ,mocne bicie serca, zawroty g\u0142owy i os\u0142abienie s\u0105 wynikiem niepotrzebnego przed\u0142u\u017cania pobytu w saunie.<\/p>\n<p><b>Trzecia faza k\u0105pieli.<\/b> Po opuszczeniu sauny nale\u017cy przyst\u0105pi\u0107 do och\u0142adzania cia\u0142a pod prysznicem. Prostym sposobem jest polewanie si\u0119 zimn\u0105 wod\u0105, sp\u0142ukujemy w\u00f3wczas pot, a nasze cia\u0142o nabiera ni\u017cszej temperatury. W momencie doznania pierwszego uczucia zimna pod prysznicem, przerywamy och\u0142adzanie i wchodzimy do sauny lub pomieszczenia przeznaczonego do wypoczynku.<\/p>\n<p><b>Czwarta faza k\u0105pieli.<\/b> Jest to ostatnia bardzo istotna faza k\u0105pieli, wyst\u0119puj\u0105ca bezpo\u015brednio po ostatnim ch\u0142odzeniu. W tej fazie temperatura tkanek musi osi\u0105gn\u0105\u0107 parametry wyj\u015bciowe. Niedostateczne obni\u017cenie temperatury nagrzanych tkanek powoduje dalsze niepo\u017c\u0105dane pocenie, b\u00f3le g\u0142owy, z\u0142e samopoczucie, itp.<\/p>\n<p>U\u017cywanie myd\u0142a po uko\u0144czeniu k\u0105pieli w saunie jest b\u0142\u0119dem. Usuwa si\u0119 bowiem w ten spos\u00f3b substancje ochronne i niepotrzebnie wysusza sk\u00f3r\u0119. Po dok\u0142adnym wysuszeniu cia\u0142a i owini\u0119ciu si\u0119 suchym r\u0119cznikiem, przechodzimy do miejsca przeznaczonego na wypoczynek. Tam oczekujemy na dalszy ci\u0105g dzia\u0142ania sauny. Spos\u00f3b w jaki odpoczywamy po k\u0105pieli decyduje o jej ko\u0144cowym i ca\u0142kowitym efekcie. Sen po k\u0105pieli w saunie doskonale przyspiesza odnow\u0119 biologiczn\u0105 ustroju. Utracone p\u0142yny nale\u017cy uzupe\u0142ni\u0107 bezpo\u015brednio po k\u0105pieli pij\u0105c wody mineralne, sok pomidorowy, zawieraj\u0105cy du\u017c\u0105 ilo\u015b\u0107 potasu, soki owocowo &#8211; warzywne lub mleko. Alkohol pod jak\u0105kolwiek postaci\u0105 jest zabroniony gdy\u017c niweczy fizjologiczny efekt k\u0105pieli. Posi\u0142ek po k\u0105pieli w saunie powinien odpowiada\u0107 wymogom kalorycznym i dietetycznym. Z punktu widzenia fizjologii cz\u0142owieka najbardziej optymalna pora dnia po\u015bwi\u0119cona na k\u0105piel w saunie to pora wieczorna.<\/p>\n<h2>Zalety k\u0105pieli<\/h2>\n<p><a href=\"http:\/\/www.fitnessforma.pl\/fitness\/wp-content\/uploads\/2015\/11\/sauna.jpg\"><img loading=\"lazy\" class=\"alignleft wp-image-173 size-medium\" src=\"http:\/\/www.fitnessforma.pl\/fitness\/wp-content\/uploads\/2015\/11\/sauna-300x200.jpg\" alt=\"sauna\" width=\"300\" height=\"200\" srcset=\"https:\/\/www.fitnessforma.pl\/fitness\/wp-content\/uploads\/2015\/11\/sauna-300x200.jpg 300w, https:\/\/www.fitnessforma.pl\/fitness\/wp-content\/uploads\/2015\/11\/sauna-1024x683.jpg 1024w, https:\/\/www.fitnessforma.pl\/fitness\/wp-content\/uploads\/2015\/11\/sauna.jpg 2048w\" sizes=\"(max-width: 300px) 100vw, 300px\" \/><\/a>K\u0105piel w saunie fi\u0144skiej kojarzy si\u0119 z k\u0105piel\u0105 higieniczn\u0105 i jest najbardziej warto\u015bciow\u0105 spo\u015br\u00f3d znanych u nas form k\u0105pieli. Powszechnie uwa\u017ca si\u0119 j\u0105 za doskona\u0142y \u015brodek profilaktyczny przeciw chorobom przezi\u0119bienia. Jako niespecyficzny bodziec mobilizuje si\u0142y obronne ustroju, usprawnia gr\u0119 naczyniow\u0105 &#8211; zw\u0142aszcza sk\u00f3ry ko\u0144czyn i \u015bluz\u00f3wek, zapobiega rozwini\u0119ciu si\u0119 infekcji wirusowej, bakteryjnej i wielu innych chor\u00f3b. Skorzystanie z sauny w pocz\u0105tkowej fazie przezi\u0119bienia przerywa chorob\u0119 g\u00f3rnych dr\u00f3g oddechowych i gryp\u0119.<br \/>\nSauna skraca okres rekonwalescencji, przyspiesza powr\u00f3t do pe\u0142nego zdrowia. Szczeg\u00f3lnie korzystny wp\u0142yw sauny obserwuje si\u0119 u rekonwalescent\u00f3w po zapaleniu p\u0142uc, grypie, ostrych nie\u017cytach g\u00f3rnych dr\u00f3g oddechowych, tchawicy i oskrzeli po ust\u0105pieniu atak\u00f3w astmy oskrzelowej itp.<br \/>\nK\u0105piel w saunie fi\u0144skiej ma najlepsze elementy i w\u0142a\u015bciwo\u015bci zabiegu ciep\u0142o -leczniczego. W wielu schorzeniach stanowi istotny, samodzielny \u015brodek leczniczy, jak r\u00f3wnie\u017c jest \u015brodkiem uzupe\u0142niaj\u0105cym leczenie farmakologiczne. O najwi\u0119kszej zalecie sauny- kt\u00f3ra szczeg\u00f3lnie przydaje si\u0119 w chwilach, gdy nam nic nie wychodzi &#8211; najpi\u0119kniej m\u00f3wi stare powiedzenie pewnego m\u0119drca: &#8222;Nie wa\u017cne ile lat ma u\u017cytkownik sauny, poniewa\u017c jego samopoczucie jest doskona\u0142e tak d\u0142ugo, jak d\u0142ugo \u017cyje&#8221;.<\/p>\n<p>&nbsp;<\/p>\n","protected":false},"excerpt":{"rendered":"<p>Fitness Klub FORMA posiada dwie niezale\u017cne sauny fi\u0144skie dla Pa\u0144 i Pan\u00f3w. Miejsca w saunie udost\u0119pniamy wszystkim klientom naszego klubu nieodp\u0142atnie, co powinno zach\u0119ci\u0107 korzystaj\u0105cych z zaj\u0119\u0107 aerobiku, si\u0142owni i sali cardio do odpoczynku i regeneracji w najcieplejszych pomieszczeniach klubu fitness. Przebieg k\u0105pieli K\u0105piel w saunie polega na przebywaniu na przemian w wysokiej i niskiej [&hellip;]<\/p>\n","protected":false},"author":1,"featured_media":0,"parent":0,"menu_order":0,"comment_status":"closed","ping_status":"closed","template":"","meta":[],"_links":{"self":[{"href":"https:\/\/www.fitnessforma.pl\/fitness\/wp-json\/wp\/v2\/pages\/31"}],"collection":[{"href":"https:\/\/www.fitnessforma.pl\/fitness\/wp-json\/wp\/v2\/pages"}],"about":[{"href":"https:\/\/www.fitnessforma.pl\/fitness\/wp-json\/wp\/v2\/types\/page"}],"author":[{"embeddable":true,"href":"https:\/\/www.fitnessforma.pl\/fitness\/wp-json\/wp\/v2\/users\/1"}],"replies":[{"embeddable":true,"href":"https:\/\/www.fitnessforma.pl\/fitness\/wp-json\/wp\/v2\/comments?post=31"}],"version-history":[{"count":4,"href":"https:\/\/www.fitnessforma.pl\/fitness\/wp-json\/wp\/v2\/pages\/31\/revisions"}],"predecessor-version":[{"id":462,"href":"https:\/\/www.fitnessforma.pl\/fitness\/wp-json\/wp\/v2\/pages\/31\/revisions\/462"}],"wp:attachment":[{"href":"https:\/\/www.fitnessforma.pl\/fitness\/wp-json\/wp\/v2\/media?parent=31"}],"curies":[{"name":"wp","href":"https:\/\/api.w.org\/{rel}","templated":true}]}}